*p - 16, -8 = 2*v + o*p. Suppose -v*n - 2*n + 100 = 0. What is the units digit of n?
5
Suppose 0 = 161*s - 209*s + 1309153 + 2337743. What is the units digit of s?
7
Suppose -f = -4*o + 27, 2*o - f + 8 = 3*o. Suppose 4*z = -2*s + 6, 2*z - s + 10 - 3 = 0. What is the units digit of ((-126)/4 - o/(-14))/z?
1
Suppose 2*a = -5*p - 37, 2*p - 2 + 40 = 5*a. What is the units digit of (-3728)/(-6)*p*3/(-36)?
6
Let g(d) = 16*d + 310. Let f be g(-16). Let w be (23/5)/(4/20). Suppose h - w = f. What is the units digit of h?
7
Let z = 1641 + -980. Let t = z - 382. What is the units digit of t?
9
Suppose 4*x = 4, 2*r - x + 22 = 5*r. What is the units digit of 21/(-1)*r/((-42)/12)?
2
Let l(a) = 45*a**2 + 113*a + 370. What is the tens digit of l(22)?
3
Suppose 48*j + 224664 = 48*j + 44*j. What is the units digit of j?
6
Suppose -6*v - 4*v + 220 = 0. Suppose 2*o - v = -0*o. Suppose o = 2*k + 3. What is the units digit of k?
4
Suppose 140*w + 5*t + 15 = 137*w, 0 = 4*w + 3*t + 9. Let k = 95 + 143. Suppose -q = -w*q - k. What is the tens digit of q?
3
Suppose 2*u = 4*r + 147 + 299, 5*u + 3*r = 1128. Let l = u + 871. What is the thousands digit of l?
1
Let q = -353 - -371. What is the units digit of (q/63)/((-3)/(-2667))?
4
Suppose 4*c - 73 = -4*p + 19, 58 = 2*p + 5*c. Let l = -961 + 1005. Let d = l - p. What is the units digit of d?
5
Let f be (-32)/(-320) - 53238/(-20). Suppose 6*b - f = -16*b. What is the tens digit of b?
2
What is the ten thousands digit of (-4)/(-7)*20028106/284?
4
Suppose 2*y + 262 = 2*j, 3*y - 6*y - 5*j = 417. Let x = 951 - y. What is the hundreds digit of x?
0
Let u = 6381 + 1540. What is the tens digit of u?
2
Suppose -z + 30 = 14*z. Suppose z*s = -7*s - 9. Let k(l) = -109*l + 2. What is the units digit of k(s)?
1
Suppose -483*r = -478*r - 72855. What is the hundreds digit of r?
5
Suppose -3*f = -5*m + 13 + 14, -3*m - 2*f + 1 = 0. Suppose 0 = 3*t - 1228 + 1228. Suppose 3*c - m - 3 = t, 123 = u - 5*c. What is the units digit of u?
3
Suppose 4*y - 9 = 5*y. Let u = -7 - y. What is the units digit of (22 - 11)*6/u?
3
Let x be (2/2 + 1065)/(10 + -11). Let u = x + 2804. What is the hundreds digit of u?
7
Suppose v - 219 = -2*k + 42, 0 = -5*v - 25. Let b = k + -132. What is the units digit of b?
1
Let v = 11347 + -5717. What is the tens digit of v?
3
Suppose -21 = -4*c - 19*d + 24*d, 5*c - 5*d - 25 = 0. Suppose 3*b - 4368 = -c*r, 60*b + 4344 = 4*r + 57*b. What is the tens digit of r?
8
Let h = -63 - -70. Let w = -20 + 22. Suppose 5*l = -x + 369, -2*x + h*x - 143 = -w*l. What is the units digit of l?
4
Let x = 40 + -39. Let a be (x + 1)*234/(-12). Let i = a + 41. What is the units digit of i?
2
Suppose -3*z - 11 = 3*f - 68, 0 = 3*z + 5*f - 51. Let j be 2 + (3 + z)/5. What is the units digit of 201/1*j/21?
7
Suppose 5*z + 16 = -4*r, 2*z - 6 = r - 2. Suppose -5*t = 5*b - 890, -5*b - 4*t + 6*t + 925 = z. What is the hundreds digit of b?
1
Let j be 167 + ((-14)/42 - 6/9). Suppose -3005 - j = -7*w. What is the tens digit of w?
5
Suppose -o = 5*j + 20, -23*j + 5*o - 12 = -20*j. What is the units digit of j/22 + 5/275*2815?
1
Let k(p) = -69*p + 31 + 15 + 15*p. What is the hundreds digit of k(-8)?
4
Suppose -5*r - 2*w + 2203 = -4*w, 3*r + 3*w - 1305 = 0. Suppose -2*o + 5*x = 2*x - r, -3*x = -4*o + 875. What is the hundreds digit of o?
2
Suppose -32*n + 29946 = -9638. Suppose 4*f = p - 6*p + 1000, -5*f - 3*p = -n. What is the hundreds digit of f?
2
Suppose -79*o - 70*o + 1076625 = -120*o. What is the tens digit of o?
2
Let m = -8 - -2. Let w be (1*-6)/(m/3*1). What is the tens digit of (57/(-2))/(w/(-10))?
9
Let a(k) = 227*k**3 - 4*k**2 + 33*k - 50. What is the units digit of a(2)?
6
Let o(y) = -y**3 + 26*y**2 + 260*y + 31. What is the units digit of o(-22)?
3
Suppose -206576 = -21*r - 11695 + 434027. What is the ten thousands digit of r?
2
Let a = -254 - -282. What is the tens digit of ((-77)/a)/(258/(-64) - -4)?
8
Let m(w) = -2*w**2 + 10*w + 8. Let j(d) = -d**2 - 6*d - 3. Let o be (-14)/8 - 2/32*4. Let h be j(o). What is the units digit of m(h)?
8
Let v(f) = -f**2 - 2. Let z be v(0). Let k be (-3)/6 - 7/z. Suppose k*m - 32 = 142. What is the units digit of m?
8
Let j(w) be the first derivative of -8*w**2 + 172*w - 36. What is the tens digit of j(-9)?
1
Let w be (-16)/2 - ((-9)/1 - -3). What is the tens digit of (w - -2) + (-4523 + -7)/(-10)?
5
Let s(p) = 9*p**3 + p**2 - 4*p + 3. Let x be s(1). Suppose x*j - 12*j = -1125. Suppose 0 = -13*t + 18*t - j. What is the units digit of t?
5
Suppose z = -5*s + 3*z + 28, 5*z + 36 = 4*s. Suppose 5*n + 5*x = n + 52, -s*x + 48 = 4*n. Suppose n*b - 172 = 188. What is the tens digit of b?
4
Let c = -10 - -10. Let d be (15 + c)/1*1. Suppose 7*o = 8*o - d. What is the units digit of o?
5
Let z = -443 + 243. Let w = 29 + z. Let j = -77 - w. What is the tens digit of j?
9
Suppose u + 2800 = 17748 + 6653. What is the hundreds digit of u?
6
Let m(j) = 1031*j - 12. Let a be m(-3). Let p = -1962 - a. What is the units digit of p?
3
Let j be 6 + -8 + 2 + 214/2. What is the hundreds digit of j*-16*3/12*-2?
8
Let t(i) = -961*i + 8558. What is the tens digit of t(8)?
7
Let f be 1*(-1 - 1) - -7. Let h(o) = 3*o**2 - 13*o + 6. Let b be h(f). Suppose -15*y = -b*y + 109. What is the hundreds digit of y?
1
Suppose -5*v - 2*o + 43 = 0, -2*v + o + o = -6. Let a = v + -82. Let u = -31 - a. What is the units digit of u?
4
Let g = -57 - -49. Let y(u) = u**3 + 9*u**2 + u + 4. Let x be y(g). Suppose -996 + x = -8*i. What is the tens digit of i?
1
Suppose 1 - 11 = 5*a, 3*s = -4*a - 533. Let k = s - -190. What is the tens digit of k?
1
Suppose -49*r + 44*r - 69982 = -3*s, 8*r = 4*s - 93300. What is the hundreds digit of s?
3
Let p be (-2)/13 - 45900/780. Let s = p + 102. What is the tens digit of s?
4
Let t(z) = -2*z**3 - 48*z**2 + 29*z + 32. What is the units digit of t(-26)?
2
Suppose 4*w - 4 - 8 = 0. Suppose -5*c + c = -5*g, 4*g = 4*c + c. Suppose 0 = w*h - g*h - 6. What is the units digit of h?
2
Suppose -12*a + 4469 = -3535. Let m = a + -337. What is the hundreds digit of m?
3
Let x(o) = 4*o**3 + 7*o**2 + 12*o - 17. What is the tens digit of x(7)?
8
Let i be 0 - 0 - (16 + -11 + -8). Suppose -2*o = -3*n + 2805, -i*n + 4*o = -1164 - 1635. What is the hundreds digit of n?
9
Suppose 315 = 2*g - 135. Let z = 170 + g. What is the hundreds digit of z?
3
Let u(i) = i**2 + 5*i - 31. Suppose -2*x - 54 = -4*l, -6*l + 5*l - 4*x + 36 = 0. Let m be u(l). What is the tens digit of (5 - 3)*m/10?
6
Suppose -5*z - 125 = -5*n, 5*z + 82 = -3*n - 67. Let b be (42/z)/((-2)/60). Let c = b - 15. What is the tens digit of c?
3
Let k = -2267 + 4836. What is the hundreds digit of k?
5
Suppose 62 = -5*p + 2*d, p = -d - 6 - 5. Let i be (-59)/2 + 6/p. Let f = i + 91. What is the tens digit of f?
6
Suppose -11*f + 7*f + 19677 = d, 0 = 5*f - 5*d - 24565. What is the tens digit of f?
1
Suppose 0*z + 20210 + 2624 = 14*z. What is the hundreds digit of z?
6
Suppose 4*s + s = 2*f - 16, -4*s - 8 = 0. Suppose 8*t = f*t + 835. Let m = t + -86. What is the units digit of m?
1
Suppose 4*d = 6*r - 260142, 2*r - 4*d = -40567 + 127289. What is the ten thousands digit of r?
4
Suppose -76 = 25*q + 24. What is the tens digit of (2 + -3 - -3)*(-1870)/q?
3
Suppose -3*w + 3*z + 21543 = w, 0 = 8*w - 5*z - 43089. What is the thousands digit of w?
5
Let x(i) be the second derivative of 11*i**4/12 + i**3/3 - i**2 - 71*i. What is the tens digit of x(7)?
5
Let a = -120 + 112. What is the tens digit of ((-2)/(a/86))/(57/1026)?
8
Suppose -25 = -4*r + 3*n - 0*n, -3*r + 4*n = -17. Suppose r*m + 65 - 1248 = 0. What is the units digit of m?
9
Let o(q) be the third derivative of 7*q**5/60 - q**4/24 - 5*q**3/3 + q**2. Suppose 2*y + 8 = -r, 10*y = 12*y - 2*r + 8. What is the tens digit of o(y)?
0
Let a(t) = 31*t**2 + 17*t - 47. What is the units digit of a(9)?
7
Suppose -4290 = 16*v - 6*v. Let d = v + 899. What is the hundreds digit of d?
4
Suppose 4*k = 77 - 17. Let m be (59 - 2)/(k/45). Suppose 5*p = y + 841, -p + 8*y - 5*y = -m. What is the units digit of p?
8
Suppose 57*i = 154*i - 60*i - 1098308. What is the tens digit of i?
8
Let d(l) = -l**3 - 100*l**2 + 1814*l - 352. What is the tens digit of d(-118)?
2
Let h(s) = s**3 - 5*s**2 - 2*s. Suppose w + w = 2*i + 108, -4*i + 78 = 2*w. Let x = w + -